{"id":496,"date":"2016-12-12T14:46:18","date_gmt":"2016-12-12T17:46:18","guid":{"rendered":"http:\/\/www.trovasilustradas.com.br\/?page_id=496"},"modified":"2016-12-15T17:57:58","modified_gmt":"2016-12-15T20:57:58","slug":"app-movel","status":"publish","type":"page","link":"https:\/\/trovasilustradas.lugarvazio.com.br\/trovas\/app-movel\/","title":{"rendered":"APP MOVEL"},"content":{"rendered":"<p><img loading=\"lazy\" decoding=\"async\" class=\"aligncenter size-large wp-image-497\" src=\"http:\/\/www.trovasilustradas.com.br\/trovas\/conteudo\/2016\/12\/FeatureGraphicTrovas-1024x500.jpg\" alt=\"featuregraphictrovas\" width=\"584\" height=\"285\" srcset=\"https:\/\/trovasilustradas.lugarvazio.com.br\/trovas\/conteudo\/2016\/12\/FeatureGraphicTrovas.jpg 1024w, https:\/\/trovasilustradas.lugarvazio.com.br\/trovas\/conteudo\/2016\/12\/FeatureGraphicTrovas-300x146.jpg 300w, https:\/\/trovasilustradas.lugarvazio.com.br\/trovas\/conteudo\/2016\/12\/FeatureGraphicTrovas-768x375.jpg 768w, https:\/\/trovasilustradas.lugarvazio.com.br\/trovas\/conteudo\/2016\/12\/FeatureGraphicTrovas-500x244.jpg 500w\" sizes=\"auto, (max-width: 584px) 100vw, 584px\" \/><\/p>\n<p>As trovas ilustradas de Julieta podem agora serem acessadas via aplicativo (APP) m\u00f3vel diretamente no seu aparelho Android ou iPhone\/iPad. Uma trova diferente \u00e9\u00a0selecionada sempre\u00a0que o app \u00e9 aberto. Para instalar, procure por &#8220;Trovas Ilustradas&#8221; nas app store (Play Store ou App Store) do seu aparelho, ou clique nos links abaixo.<\/p>\n<table style=\"width: 100%;\">\n<tbody>\n<tr>\n<th style=\"text-align: center; width: 50%;\"><strong>Android APP<\/strong><\/th>\n<th style=\"text-align: center; width: 50%;\"><strong>iOS APP<\/strong><\/th>\n<\/tr>\n<tr>\n<td style=\"text-align: center;\"><a href=\"https:\/\/play.google.com\/store\/apps\/details?id=com.sebastiaoribeiro.trovasilustradas\"><img loading=\"lazy\" decoding=\"async\" class=\"aligncenter wp-image-289 size-full\" src=\"http:\/\/www.sebastiaoribeiro.com\/wp-content\/uploads\/2016\/10\/play_prism_hlock_2x-e1478517710390.png\" alt=\"play_prism_hlock_2x\" width=\"150\" height=\"32\" \/><\/a><\/td>\n<td style=\"text-align: center;\"><a href=\"https:\/\/itunes.apple.com\/us\/app\/trovas-ilustradas\/id1183901764?ls=1&amp;mt=8\"><img loading=\"lazy\" decoding=\"async\" class=\"aligncenter wp-image-295\" src=\"http:\/\/www.sebastiaoribeiro.com\/wp-content\/uploads\/2016\/10\/apple-4096-black-150x150.png\" alt=\"app store\" width=\"50\" height=\"50\" \/><\/a><\/td>\n<\/tr>\n<\/tbody>\n<\/table>\n<p>N\u00e3o se esque\u00e7a de avaliar o app na loja. Em caso de d\u00favidas ou problemas, escreva diretamente para o <a href=\"mailto:trovasilustradas@lugarvazio.com.br\">e-mail das Trovas Ilustradas<\/a>.<\/p>\n","protected":false},"excerpt":{"rendered":"<p>As trovas ilustradas de Julieta podem agora serem acessadas via aplicativo (APP) m\u00f3vel diretamente no seu aparelho Android ou iPhone\/iPad. Uma trova diferente \u00e9\u00a0selecionada sempre\u00a0que o app \u00e9 aberto. Para instalar, procure por &#8220;Trovas Ilustradas&#8221; nas app store (Play Store &hellip; <a href=\"https:\/\/trovasilustradas.lugarvazio.com.br\/trovas\/app-movel\/\">Continuar a ler <span class=\"meta-nav\">&rarr;<\/span><\/a><\/p>\n","protected":false},"author":2,"featured_media":0,"parent":0,"menu_order":0,"comment_status":"closed","ping_status":"closed","template":"sidebar-page.php","meta":{"footnotes":""},"class_list":["post-496","page","type-page","status-publish","hentry"],"aioseo_notices":[],"_links":{"self":[{"href":"https:\/\/trovasilustradas.lugarvazio.com.br\/trovas\/wp-json\/wp\/v2\/pages\/496","targetHints":{"allow":["GET"]}}],"collection":[{"href":"https:\/\/trovasilustradas.lugarvazio.com.br\/trovas\/wp-json\/wp\/v2\/pages"}],"about":[{"href":"https:\/\/trovasilustradas.lugarvazio.com.br\/trovas\/wp-json\/wp\/v2\/types\/page"}],"author":[{"embeddable":true,"href":"https:\/\/trovasilustradas.lugarvazio.com.br\/trovas\/wp-json\/wp\/v2\/users\/2"}],"replies":[{"embeddable":true,"href":"https:\/\/trovasilustradas.lugarvazio.com.br\/trovas\/wp-json\/wp\/v2\/comments?post=496"}],"version-history":[{"count":5,"href":"https:\/\/trovasilustradas.lugarvazio.com.br\/trovas\/wp-json\/wp\/v2\/pages\/496\/revisions"}],"predecessor-version":[{"id":504,"href":"https:\/\/trovasilustradas.lugarvazio.com.br\/trovas\/wp-json\/wp\/v2\/pages\/496\/revisions\/504"}],"wp:attachment":[{"href":"https:\/\/trovasilustradas.lugarvazio.com.br\/trovas\/wp-json\/wp\/v2\/media?parent=496"}],"curies":[{"name":"wp","href":"https:\/\/api.w.org\/{rel}","templated":true}]}}